 the prime factors of 2172220045.
5, 103, 4217903
What are the prime factors of 20189234?
2, 13, 17, 45677
List the prime factors of 2161198406.
2, 17, 63564659
List the prime factors of 69478057.
11, 409, 15443
List the prime factors of 259333654.
2, 129666827
List the prime factors of 272661999.
3, 163, 557591
What are the prime factors of 1764891439?
1764891439
List the prime factors of 13769180.
2, 5, 23, 37, 809
What are the prime factors of 26002027?
17, 1529531
What are the prime factors of 1463174761?
2251, 650011
List the prime factors of 1354239094.
2, 13, 499, 104381
What are the prime factors of 6022014334?
2, 7, 97, 4434473
What are the prime factors of 223604895?
3, 5, 157, 94949
What are the prime factors of 31155394?
2, 157, 313, 317
What are the prime factors of 322049947?
322049947
List the prime factors of 367262520.
2, 3, 5, 107, 28603
List the prime factors of 98115048.
2, 3, 1362709
List the prime factors of 139539949.
257, 577, 941
What are the prime factors of 99756277?
99756277
What are the prime factors of 400427246?
2, 37, 509, 10631
List the prime factors of 4080549291.
3, 7, 13, 571, 26177
What are the prime factors of 5582493859?
13913, 401243
List the prime factors of 331919284.
2, 19, 53, 4337
What are the prime factors of 91453391?
103, 137, 6481
What are the prime factors of 2679481562?
2, 47, 269, 105967
List the prime factors of 935581010.
2, 5, 7, 13, 193, 761
List the prime factors of 154292820.
2, 3, 5, 11, 233777
What are the prime factors of 1009156364?
2, 47, 5367853
What are the prime factors of 103703335?
5, 211, 98297
What are the prime factors of 1291252873?
283, 4562731
What are the prime factors of 694468878?
2, 3, 115744813
List the prime factors of 33097658.
2, 11, 19, 79181
What are the prime factors of 3595359?
3, 43, 47, 593
List the prime factors of 4070792007.
3, 452310223
List the prime factors of 183694881.
3, 131, 467417
List the prime factors of 7345868346.
2, 3, 136034599
What are the prime factors of 382055467?
17, 1583, 14197
What are the prime factors of 6082865566?
2, 3041432783
What are the prime factors of 536465850?
2, 3, 5, 31, 43, 2683
What are the prime factors of 6786948?
2, 3, 7, 43, 1879
What are the prime factors of 1663592443?
17, 19, 5150441
List the prime factors of 929825491.
7, 132832213
List the prime factors of 86604393.
3, 307, 94033
What are the prime factors of 76408065?
3, 5, 1697957
What are the prime factors of 36548974?
2, 7, 11, 237331
What are the prime factors of 38041960?
2, 5, 11, 31, 2789
What are the prime factors of 47850137?
409, 116993
What are the prime factors of 111966884?
2, 37, 756533
What are the prime factors of 116863794?
2, 3, 19, 29, 11783
List the prime factors of 96238691.
96238691
List the prime factors of 283565830.
2, 5, 1499, 18917
List the prime factors of 1470444244.
2, 367611061
List the prime factors of 1094167154.
2, 59, 9272603
What are the prime factors of 1944222474?
2, 3, 31, 10452809
What are the prime factors of 29598168?
2, 3, 53, 23269
What are the prime factors of 350427327?
3, 1187, 98407
List the prime factors of 43947336.
2, 3, 31, 59069
List the prime factors of 137666146.
2, 68833073
What are the prime factors of 1906336621?
7, 1109, 35081
List the prime factors of 122406611.
367, 333533
List the prime factors of 173808722.
2, 86904361
List the prime factors of 93052377.
3, 11, 939923
What are the prime factors of 106426250?
2, 5, 7, 12163
List the prime factors of 377737323.
3, 125912441
What are the prime factors of 81314938?
2, 317, 128257
List the prime factors of 11705757.
3, 7, 79631
What are the prime factors of 962454544?
2, 89, 675881
List the prime factors of 168995416.
2, 541, 39047
What are the prime factors of 338048407?
337, 1003111
What are the prime factors of 52937702?
2, 29, 73, 12503
What are the prime factors of 696090941?
7, 13, 293, 26107
List the prime factors of 128104464.
2, 3, 89, 157, 191
List the prime factors of 25873000.
2, 5, 25873
List the prime factors of 5697207528.
2, 3, 29, 31, 264053
What are the prime factors of 6765867151?
23, 12789919
List the prime factors of 108671945.
5, 21734389
What are the prime factors of 3537692097?
3, 59, 179, 111659
What are the prime factors of 106193131?
11, 61, 158261
What are the prime factors of 4315596?
2, 3, 359633
List the prime factors of 23514420.
2, 3, 5, 391907
What are the prime factors of 7521395?
5, 7, 17, 12641
What are the prime factors of 22252299?
3, 41, 113, 1601
List the prime factors of 2968184874.
2, 3, 173, 229, 12487
List the prime factors of 83607882.
2, 3, 167, 181, 461
List the prime factors of 474211510.
2, 5, 47421151
What are the prime factors of 2059296652?
2, 7, 6397, 11497
List the prime factors of 4272812.
2, 1068203
What are the prime factors of 28600309?
59, 484751
What are the prime factors of 550472203?
211, 2608873
What are the prime factors of 57325818?
2, 3, 11, 197, 4409
What are the prime factors of 288072040?
2, 5, 7201801
What are the prime factors of 510669?
3, 23, 2467
List the prime factors of 912197126.
2, 19163, 23801
List the prime factors of 254235402.
2, 3, 29, 31, 5237
What are the prime factors of 426505071?
3, 142168357
What are the prime factors of 493922068?
2, 123480517
What are the prime factors of 5686149930?
2, 3, 5, 23, 8240797
List the prime factors of 225407594.
2, 4391, 25667
What are the prime factors of 525961012?
2, 641, 205133
What are the prime factors of 131363917?
173, 759329
List the prime factors of 2988173172.
2, 3, 249014431
List the prime factors of 53984849.
53984849
What are the prime factors of 10397657?
269, 38653
What are the prime factors of 1628853659?
61, 26702519
What are the prime factors of 67775033?
19, 3567107
List the prime factors of 505530073.
47, 139, 223, 347
What are the prime factors of 1984445331?
3, 11, 60134707
List the prime factors of 19415259.
3, 2157251
List the prime factors of 88048570.
2, 5, 149, 59093
List the prime factors of 61629412.
2, 13, 1185181
What are the prime factors of 9281525470?
2, 5, 7, 41, 601, 5381
What are the prime factors of 1781999136?
2, 3, 727, 2837
List the prime factors of 631199713.
167, 3779639
What are the prime factors of 295673036?
2, 103, 717653
What are the prime factors of 157921969?
103, 443, 3461
List the prime factors of 200433611.
7, 4273, 6701
List the prime factors of 482688044.
2, 120672011
List the prime factors of 2363825936.
2, 229, 645149
What are the prime factors of 133027997?
1777, 74861
List the prime factors of 3601136626.
2, 59, 227, 233, 577
List the prime factors of 158994595.
5, 769, 41351
What are the prime factors of 12581621?
13, 23, 29, 1451
What are the prime factors of 3427393255?
5, 11, 13, 4793557
List the prime factors of 836558593.
13, 17, 43, 47, 1873
List the prime factors of 14983893.
3, 554959
What are the prime factors of 135861131?
7, 19408733
What are the prime factors of 597604459?
337, 1773307
List the prime factors of 39802804.
2, 9950701
What are the prime factors of 85167534?
2, 3, 487, 29147
List the prime factors of 973317263.
973317263
List the prime factors of 49806266.
2, 59, 422087
List the prime factors of 129654793.
129654793
List the prime factors of 132898238.
2, 11, 6040829
What are the prime factors of 3295894743?
3, 233, 1571719
What are the prime factors of 10385359?
10385359
What are the prime factors of 1707017249?
7, 103, 2367569
List the prime factors of 741551881.
7, 2423, 43721
What are the prime factors of 23269472?
2, 491, 1481
What are the prime factors of 2164456341?
3, 1699, 141551
What are the prime factors of 6393255010?
2, 5, 639325501
List the prime factors of 6947713143.
3, 7, 997, 36871
List the prime factors of 4648506916.
2, 31, 43, 28123
List the prime factors of 446778332.
2, 7, 11, 13, 241, 463
List the prime factors of 291484987.
317, 919511
What are the prime factors of 972133867?
31, 313, 100189
List the prime factors of 2330738859.
3, 776912953
What are the prime factors of 1574633828?
2, 107, 3679051
What are the prime factors of 2613450625?
5, 4181521
What are the prime factors of 3025373275?
5, 67, 1806193
List the prime factors of 174799450.
2, 5, 7, 139, 3593
List the prime factors of 647964820.
2, 5, 41, 790201
What